
6
Suppose 2*p + 0*p = -40. Let q(w) = -w**3 + w**2 + w + 12. What is the remainder when (-12)/(-6) + (1 - p) is divided by q(0)?
11
Let f = 2 - -6. Calculate the remainder when 11*(2 - 1) - (-4 - -2) is divided by f.
5
Suppose -2*g + 36 = g. Let d = -8 + g. What is the remainder when 9 is divided by d?
1
Let a = -8 - -13. Suppose -a*l + 6 = 196. Let c = -24 - l. What is the remainder when 26 is divided by c?
12
Let q = 6 + 2. Let l = 87 + -62. Calculate the remainder when l is divided by (-1)/(-2) - (-100)/q.
12
Suppose -4*q + 10 + 10 = 0. Suppose -b = b - 3*i - 10, 0 = q*i + 20. Let l = 5 + b. What is the remainder when l is divided by 3?
1
Let a(z) = -z**3 + 3*z**2 + 4*z. Let p be a(4). Suppose 3*q + p*h = 3*h - 126, 42 = -q - h. Let f = -25 - q. Calculate the remainder when 50 is divided by f.
16
Let v(j) = j**3 + 2*j**2 - 2*j - 1. Let w be v(-2). Suppose 2*f + w = n - 5, f - 11 = -n. What is the remainder when 28 is divided by n?
8
Suppose b = -2*b + 21. Suppose -4*o + 22 = -z + 6, 20 = -5*z. Calculate the remainder when b is divided by o.
1
What is the remainder when 17 is divided by 3/(-6*(-5)/50)?
2
Let q(k) = -k**3 + k**2 + k + 37. What is the remainder when q(0) is divided by 8?
5
Suppose q = -3 + 6. Let c = -8 + 11. What is the remainder when q is divided by c?
0
Let p be 3 + (-2 + -1 - 20). Let a = p - -47. What is the remainder when a is divided by 7?
6
Let i = 12 + -7. Suppose -i*c + 157 - 52 = 0. What is the remainder when c is divided by (-3)/1*33/(-9)?
10
Let g = -20 + -10. Let j = g + 44. What is the remainder when 53 is divided by j?
11
Let q(u) = -u**2 + 6*u + 7. Let r(x) = -4*x**3 - 3*x**2 + x + 2. What is the remainder when r(-2) is divided by q(6)?
6
What is the remainder when 34 is divided by (-3)/15 + 138/15?
7
Suppose -2*s + 36 = -0*s. Suppose 2*v - 6 = 2*n - 3*n, -3*v = -3*n - s. Suppose v*b - 90 = -b. Calculate the remainder when 53 is divided by b.
17
Let j = -22 - -31. Calculate the remainder when -2 + 4 - (-23 + 1) is divided by j.
6
Suppose 27 - 111 = -q. What is the remainder when q is divided by 17?
16
Let x = 102 + -98. Let r(v) = -2*v**3 - 3*v**2 + 4*v. Calculate the remainder when r(-3) is divided by x.
3
Let i(w) = w**3 - 8*w**2 + 8*w - 5. Let v be i(7). Suppose -2*t = 3*g - 154, g = v*g + 3*t - 56. Calculate the remainder when g is divided by 18.
14
Suppose -j = 2*j - 9. Let f = 2 - j. Calculate the remainder when 19 + 3/(-4 - f) is divided by 5.
3
Suppose 3*p + 3*h = 4*h + 98, 135 = 4*p + 3*h. Calculate the remainder when p is divided by 9.
6
Suppose -3*r - a = -93, -4*r - 4*a + 124 = -0*r. Calculate the remainder when 121 is divided by r.
28
Suppose 0 = -4*z + 26 + 98. What is the remainder when 90 is divided by z?
28
What is the remainder when 0 - (-40 - 0/(-3)) is divided by 11?
7
Let n be (139 + 2)*2/3. Let v = n + -63. Let x(o) = -2*o + 19. What is the remainder when v is divided by x(4)?
9
Let z = -5 - -22. Calculate the remainder when 31 is divided by z.
14
Let d = -171 - -268. What is the remainder when d is divided by 20?
17
Let y(s) = -s + 1. Let o be y(-2). Suppose -5*m + 208 = -o*m. Suppose b + m = 5*b. What is the remainder when b is divided by 14?
12
Suppose 2*c = c - 3. What is the remainder when 23 is divided by (-1)/(0 - c/(-39))?
10
Suppose -5*f = -9 - 1. Suppose -2*l + f*n + 14 = 0, 0*l + 4 = l - 4*n. Calculate the remainder when l is divided by 5.
3
Suppose 2*i - 1 = -2*p + 1, -4*i = 8. Suppose p*y - 7 = 2*y. Let r = -1 - -3. Calculate the remainder when y is divided by r.
1
Suppose 5*j = 14 + 31. Suppose -j - 21 = -5*a. What is the remainder when 11 is divided by a?
5
Suppose 0 = 4*p - 4*g - 208, -p + 64 = -0*p + 5*g. What is the remainder when p is divided by 8?
6
Let v be 32/8 + (-2)/1. Suppose v*a = -2*a + 148. Calculate the remainder when a is divided by 13.
11
Let f(k) = k**3 + 4*k**2 + 1. Let a be f(-4). Suppose 2*t - 9 = -a. Suppose x - t - 9 = 0. Calculate the remainder when 37 is divided by x.
11
Let q(o) = 26*o. Let p be q(6). Suppose 0*r + p = 3*r. What is the remainder when r is divided by 18?
16
Suppose -o + 4 = -1. Suppose 0 = o*b + 4*p - 27, -b + 2*p - 1 - 2 = 0. What is the remainder when 2/2 + 63/b is divided by 8?
6
Let q = -15 - -9. Let m = 17 + q. What is the remainder when 20 is divided by m?
9
Suppose 0 = t + 4*t. Suppose 0 = -3*d - t*d + 24. Let c(n) = 3*n**2 + 6*n + 3. Calculate the remainder when d is divided by c(-2).
2
Suppose 3*p - 18 - 36 = 0. Calculate the remainder when (-10)/3*6*104/(-40) is divided by p.
16
Let o(n) = -6*n**3 - n**2 + 4*n + 3. Let x be o(-2). Suppose -41 = -2*y + 5*z, -y + 3*z + x = y. Calculate the remainder when y is divided by 10.
8
Suppose -4*u - 3*l + 70 = -2*u, 5*u - 133 = 3*l. What is the remainder when 55 is divided by u?
26
Let x = -185 + 195. Calculate the remainder when 69 is divided by x.
9
Suppose -3*r + 163 = -5*f, 0 = -3*r - 2*f + 26 + 102. Suppose -80 = -5*p - 0*p. Calculate the remainder when r is divided by p.
14
Let x = 92 - 86. What is the remainder when 23 is divided by x?
5
Let d(b) = b - 7. Let w be d(10). Let s = w + -2. Calculate the remainder when 1/((2 + -1)*1) is divided by s.
0
Suppose 63 = 2*c - 5*m + 17, -4*c = 3*m - 40. Calculate the remainder when 36 is divided by c.
10
Let x = 13 - 5. Let u = 50 + -20. What is the remainder when u is divided by x?
6
Suppose 3*c - 8 - 1 = i, -3 = -2*i - c. Suppose 3*u = s + 2*s + 45, 5*u + 2*s - 96 = i. Calculate the remainder when 35 is divided by u.
17
Let w = 45 + -36. What is the remainder when 15 is divided by w?
6
Let y be (-9)/(-2)*4/6. Suppose 3*q = -2*d + 14, -y*d + 60 = 5*q - 7*d. What is the remainder when 15 is divided by q?
7
Suppose -u = 21 - 47. What is the remainder when 49 is divided by u?
23
Suppose c + 32 = -c + 4*j, -3*j = 5*c + 80. Let x = c + 36. Calculate the remainder when x is divided by 7.
6
Suppose 5*j + 12 = 37, 0 = -5*l + 5*j + 205. Let u = -23 + 39. What is the remainder when l is divided by u?
14
Let f(s) = s. Let a be f(4). Suppose -2*b = -a*b + 18. Calculate the remainder when ((-25)/3)/(1/(-3)) is divided by b.
7
Let k(w) = w**3 + 4*w**2 + 2*w - 1. Let p be k(-3). Suppose -g + 3 + p = 0. What is the remainder when g is divided by 3?
2
Suppose -2*w - 3 = y + w, -5*y - w + 41 = 0. Calculate the remainder when 31 is divided by y.
4
Suppose 5*i + 4 = -6, -2*z + 20 = 2*i. What is the remainder when z is divided by 7?
5
Let d = -23 - -51. Suppose 5*a - d = a. Calculate the remainder when 11 is divided by a.
4
Let b(x) = -x + 30. Let k = 44 - 36. Calculate the remainder when b(0) is divided by k.
6
Calculate the remainder when 3 is divided by (-2)/(2 - (-24)/(-9)).
0
Suppose -84 = -5*b + 456. Suppose -6 = -3*n, l = 6*l + 4*n - b. Calculate the remainder when 38 is divided by l.
18
Suppose 0 = 5*r - 5*m - 975, 4*r + m - 4*m = 785. What is the remainder when r is divided by 68?
64
Let f = 190 + -125. Suppose 165 = 5*a + 3*n - 0*n, -3*n = -2*a + 66. Calculate the remainder when f is divided by a.
32
Let s = 24 - 15. Let r(l) = l**2 - 4*l + 26. Calculate the remainder when r(0) is divided by s.
8
Suppose -3*d = r - 18, 0 = 3*d - 0*r - 5*r. What is the remainder when 11 is divided by d?
1
Suppose -v + 20 = 3*v. Suppose -3*d - 99 = -v*l - 1, 3*d - 56 = -2*l. What is the remainder when l is divided by 6/(1 + 0) - -2?
6
Let i(m) = 0*m**2 + m**2 - m + 4 + 3. Let d(z) = z**2 - z + 5. Let l be d(0). What is the remainder when i(l) is divided by 15?
12
Let c(d) = 4*d - 1. Suppose -4*z - 3*y + 28 = z, -2*z - 5*y = 4. Calculate the remainder when c(z) is divided by 8.
7
Let f = 9 + 2. Calculate the remainder when 24 is divided by f.
2
Let j(r) = r**3 + 6*r**2 - r - 7. Let o be j(-6). Let p(f) = -21*f. What is the remainder when 41 is divided by p(o)?
20
Let w = 3 + -2. Suppose 2*b - w = -7. What is the remainder when 7 is divided by ((-20)/(-6) + b)*9?
1
Let f = 16 - 13. Calculate the remainder when 9 is divided by f.
0
Let w = -37 + 56. Calculate the remainder when w is divided by 7.
5
Let j(n) = n**2 + 5*n. Let c be 1/(-4) - (-2)/8. Suppose 2*m = -c*m + 20. Calculate the remainder when m is divided by j(-6).
4
Let f(t) = -t**3 + 10*t**2 - 10*t + 11. Let w(j) = j**3 + 3*j**2 + 4*j + 3. Let g be w(-2). Let a = g - -4. Calculate the remainder when a is